1697
What is 13121123 (base 4) in base 2?
111011001011011
What is -289 (base 16) in base 4?
-22021
Convert 2041 (base 7) to base 10.
715
What is 342132 (base 5) in base 4?
2332013
1387 (base 15) to base 13
1b94
Convert -117d (base 15) to base 10.
-3718
-7775 (base 8) to base 5
-112333
Convert -3335 (base 8) to base 5.
-24012
1282 (base 9) to base 14
4cd
What is -30 (base 8) in base 10?
-24
What is b001 (base 12) in base 15?
5974
What is 9187 (base 10) in base 4?
2033203
-70 (base 9) to base 12
-53
-10121101 (base 4) to base 6
-215201
What is 31321 (base 4) in base 5?
12024
What is -113111 (base 5) in base 2?
-1000000111100
What is -599 (base 12) in base 8?
-1505
What is 10100100110110 (base 2) in base 5?
314200
What is 2048 (base 10) in base 14?
a64
1c23 (base 14) to base 12
2b73
11100012 (base 4) to base 16
5406
What is -302322 (base 4) in base 16?
-cba
Convert 2f14 (base 16) to base 7.
50065
Convert 13311 (base 4) to base 3.
200120
Convert -504243 (base 6) to base 3.
-2000122200
214440 (base 5) to base 3
101021121
3a4d (base 15) to base 6
133344
-30001 (base 5) to base 16
-754
Convert 27c8 (base 14) to base 2.
1101101111100
Convert 32 (base 11) to base 7.
50
3300204 (base 5) to base 3
2212020100
3513 (base 7) to base 6
5540
Convert -1231 (base 4) to base 16.
-6d
Convert -300 (base 6) to base 15.
-73
-3d76 (base 14) to base 9
-15833
Convert -13111 (base 4) to base 13.
-2a1
What is -1101101111011 (base 2) in base 11?
-5316
What is -10031 (base 5) in base 6?
-2545
-85208 (base 10) to base 6
-1454252
What is 1122011 (base 3) in base 7?
3322
Convert -7015 (base 11) to base 3.
-110210200
Convert -1612 (base 15) to base 2.
-1001010000110
Convert 212214 (base 5) to base 7.
26642
-669b (base 12) to base 5
-330401
What is 132150 (base 6) in base 13?
56c7
-211230 (base 7) to base 12
-19139
1120022 (base 3) to base 10
1142
2407 (base 8) to base 2
10100000111
-20144 (base 8) to base 6
-102220
Convert -21021212 (base 3) to base 11.
-3aa2
Convert 6c87 (base 13) to base 15.
4816
What is -1073 (base 9) in base 15?
-380
What is -12327 (base 9) in base 14?
-303d
Convert 4d1c (base 14) to base 5.
413200
Convert -672 (base 10) to base 13.
-3c9
What is 54315 (base 6) in base 5?
214323
-4241 (base 7) to base 3
-2001112
392 (base 15) to base 11
679
What is -19ae (base 15) in base 11?
-41a9
What is 434 (base 11) in base 10?
521
-112110 (base 3) to base 14
-1dc
Convert 315 (base 7) to base 2.
10011111
-7361 (base 11) to base 3
-111101000
2222011010 (base 3) to base 12
29993
Convert -1355 (base 6) to base 13.
-218
Convert -160 (base 16) to base 14.
-1b2
4841 (base 9) to base 8
7021
What is -1110011 (base 3) in base 11?
-881
Convert 6870 (base 9) to base 6.
35313
Convert -240 (base 11) to base 14.
-166
Convert 96 (base 10) to base 7.
165
What is 4577 (base 12) in base 5?
221343
Convert 35a (base 12) to base 10.
502
Convert 44314 (base 7) to base 11.
8402
What is 3164 (base 10) in base 13?
1595
What is 10001011011 (base 2) in base 8?
2133
-1300202 (base 5) to base 4
-12013130
Convert -ad7 (base 16) to base 2.
-101011010111
What is -146143 (base 8) in base 2?
-1100110001100011
What is -114850 (base 9) in base 16?
-10e63
3421 (base 5) to base 16
1e6
Convert 101011101 (base 2) to base 13.
20b
What is -39 (base 10) in base 16?
-27
What is -3031030 (base 4) in base 3?
-200000101
10131310 (base 4) to base 15
5647
46340 (base 7) to base 12
6a25
Convert 5cb (base 13) to base 14.
524
What is 1474 (base 11) in base 13?
b2b
Convert 128d (base 15) to base 9.
5377
Convert -516 (base 10) to base 7.
-1335
Convert 49 (base 10) to base 4.
301
What is -11171 (base 10) in base 12?
-656b
What is 20742 (base 9) in base 8?
32637
What is 112122 (base 3) in base 15?
1b5
Convert 160 (base 9) to base 2.
10000111
What is 17562 (base 9) in base 10?
12125
What is -3816 (base 10) in base 3?
-12020100
Convert -202121210 (base 3) to base 14.
-569b
What is 694 (base 12) in base 11?
808
Convert -1110010011 (base 2) to base 12.
-643
What is -2220231 (base 4) in base 16?
-2a2d
Convert 3140330 (base 5) to base 12.
26526
What is 966 (base 14) in base 7?
5256
Convert -a49 (base 11) to base 3.
-1201210
-200212121 (base 3) to base 16
-35bf
Convert 1805 (base 10) to base 6.
12205
What is -854 (base 11) in base 16?
-403
What is 9bc (base 16) in base 4?
212330
What is 2544 (base 6) in base 12?
454
Convert -3134 (base 9) to base 15.
-a34
Convert 100c1 (base 15) to base 4.
30121312
Convert 1221 (base 5) to base 14.
d4
1001000100111 (base 2) to base 3
20101010
What is 101011011101 (base 2) in base 14?
1029
Convert 20130 (base 4) to base 14.
2a8
340310 (base 5) to base 14
44dd
Convert -1010000000 (base 2) to base 4.
-22000
Convert 100011010101 (base 2) to base 7.
6410
-6a51 (base 11) to base 4
-2100210
Convert -e55 (base 15) to base 2.
-110010011110
Convert -40215 (base 6) to base 8.
-12223
What is 4d4c (base 16) in base 13?
9012
3312 (base 11) to base 10
4369
Convert -101011101110100 (base 2) to base 15.
-6978
What is -20335 (base 7) in base 16?
-136f
What is -28a3 (base 16) in base 9?
-15238
Convert -877 (base 10) to base 11.
-728
Convert -26a4 (base 13) to base 15.
-1997
-1043 (base 12) to base 3
-2102220
What is -3b9 (base 12) in base 5?
-4243
Convert 6402 (base 8) to base 12.
1b16
What is -1300 (base 4) in base 3?
-11011
What is 1553 (base 16) in base 7?
21626
Convert -110030 (base 4) to base 8.
-2414
What is -8555 (base 10) in base 13?
-3b81
Convert -2322312 (base 5) to base 10.
-42207
What is -21021 (base 4) in base 14?
-2db
Convert 8541 (base 13) to base 6.
221310
161 (base 14) to base 9
342
Convert 169e (base 16) to base 9.
7843
Convert 1e03 (base 15) to base 11.
49a5
-1000111110011 (base 2) to base 16
-11f3
What is -2269 (base 11) in base 7?
-11454
Convert 1462 (base 8) to base 14.
426
What is 7b63 (base 14) in base 4?
11033023
-426 (base 8) to base 16
-116
-a295 (base 11) to base 7
-54546
Convert d93 (base 16) to base 3.
11202201
Convert 11233 (base 7) to base 3.
10221011
-475 (base 8) to base 13
-1b5
-222222 (base 3) to base 7
-2060
Convert 1330 (base 5) to base 12.
15b
Convert 412 (base 8) to base 13.
176
What is -1ab6 (base 15) in base 8?
-13244
-2dc (base 15) to base 13
-3b7
Convert -1255 (base 14) to base 12.
-1a37
6a5b (base 12) to base 2
10111001100111
Convert -12405 (base 10) to base 11.
-9358
Convert -1000010011 (base 2) to base 12.
-383
What is 24330 (base 5) in base 9?
2464
Convert 124354 (base 7) to base 5.
1220132
1888 (base 13) to base 11
2829
Convert 4b (base 15) to base 8.
107
What is 624 (base 11) in base 9?
1025
33314 (base 5) to base 7
6543
-69 (base 15) to base 9
-120
-20255 (base 7) to base 13
-2330
What is 338 (base 10) in base 2?
101010010
Convert -18da (base 14) to base 10.
-4504
-436 (base 9) to base 13
-216
Convert -11111001 (base 2) to base 13.
-162
203604 (base 8) to base 2
10000011110000100
2936 (base 12) to base 4
1022322
-632 (base 7) to base 11
-269
Convert 100001000100 (base 2) to base 15.
961
100011111101 (base 2) to base 8
4375
-19c (base 13) to base 5
-2143
What is -2851 (base 9) in base 14?
-ada
What is -2a739 (base 12) in base 16?
-e99d
1111101110 (base 2) to base 14
51c
What is -140111 (base 5) in base 16?
-1618
What is 1131 (base 5) in base 9?
204
Convert -1487 (base 11) to base 13.
-b3c
-74d9 (base 15) to base 5
-1242404
603 (base 8) to base 7
1062
What is 298a (base 13) in base 3?
22021022
Convert -5c73 (base 14) to base 7.
-65103
-1063 (base 7) to base 13
-23b
What is 4431331 (base 5) in base 3?
10220202020
What is 22a (base 14) in base 11?
361
-34121 (base 5) to base 14
-c43
Convert 582 (base 13) to base 8.
1667
What is 1010100000 (base 2) in base 4?
22200
-1037 (base 12) to base 4
-123223
What is 1330 (base 5) in base 10?
215
-305 (base 13) to base 12
-368
1332332 (base 5) to base 4
12221101
What is -60605 (base 7) in base 6?
-152025
Convert -14b4 (base 15) to base 13.
-203b
Convert -29 (base 12) to base 6.
-53
-459 (base 11) to base 4
-20210
Convert -13220033 (base 4) to base 10.
-31247
22440 (base 6) to base 14
1240
Convert -1b4 (base 14) to base 4.
-11202
-172a1 (base 12) to base 3
-1200121011
Convert 15320 (base 6) to base 14.
ca4
5622 (base 7) to base 6
13213
Convert -14008 (base 10) to base 7.
-55561
Convert e8e5 (base 15) to base 4.
30001301
-314 (ba